{"id":28121,"date":"2026-01-29T09:33:12","date_gmt":"2026-01-29T09:33:12","guid":{"rendered":"https:\/\/arabicstyle.sk\/?post_type=product&#038;p=28121"},"modified":"2026-04-27T09:04:42","modified_gmt":"2026-04-27T09:04:42","slug":"roll-on-damsky-parfem-arabian-night","status":"publish","type":"product","link":"https:\/\/arabicstyle.cz\/?product=roll-on-damsky-parfem-arabian-night","title":{"rendered":"Roll-on d\u00e1msk\u00fd parf\u00e9m Arabian Night"},"content":{"rendered":"<p>Olejov\u00fd parf\u00e9m s praktick\u00fdm roll-on aplik\u00e1torem.<\/p>\n<p>ARABIAN NIGHT je v\u016fn\u011b p\u0159ita\u017elivosti a touhy s n\u00e1dechem orientu.<\/p>\n<p><strong>Slo\u017een\u00ed<\/strong>: jemn\u00e9 rostlinn\u00e9 oleje (jojoba, hrozny, kokos) + aroma (sm\u011bs 100% \u010dist\u00fdch p\u00e1rou destilovan\u00fdch esenci\u00e1ln\u00edch olej\u016f)<\/p>\n<p><strong>Pou\u017eit\u00ed<\/strong>: pomoc\u00ed roll-on aplik\u00e1toru parf\u00e9m aplikujete p\u0159\u00edmo na poko\u017eku &#8211; na pulzn\u00ed body t\u011bla.<\/p>\n<p>Intenzita a v\u00fddr\u017e v\u016fn\u011b ale z\u00e1le\u017e\u00ed na typu poko\u017eky, proto\u017ee slo\u017eky v\u016fn\u011b reaguj\u00ed s l\u00e1tkami na poko\u017ece u ka\u017ed\u00e9ho jinak a vytv\u00e1\u0159ej\u00ed tak charakteristick\u00e9 a individu\u00e1ln\u00ed aroma.<\/p>\n<p><strong>Upozorn\u011bn\u00ed:\u00a0<\/strong>nepou\u017e\u00edvejte na citlivou a podr\u00e1\u017ed\u011bnou poko\u017eku.<\/p>\n<p><strong>Obsah<\/strong>: 6ml<\/p>\n","protected":false},"excerpt":{"rendered":"<p>Olejov\u00fd parf\u00e9m s praktick\u00fdm roll-on aplik\u00e1torem.<\/p>\n<p>ARABIAN NIGHT je v\u016fn\u011b p\u0159ita\u017elivosti a touhy s n\u00e1dechem orientu.<\/p>\n<p><strong>Pou\u017eit\u00ed<\/strong>: pomoc\u00ed roll-on aplik\u00e1toru parf\u00e9m aplikujete p\u0159\u00edmo na poko\u017eku &#8211; na pulzn\u00ed body t\u011bla.<\/p>\n","protected":false},"featured_media":28117,"comment_status":"closed","ping_status":"closed","template":"","meta":[],"product_brand":[],"product_cat":[81],"product_tag":[],"class_list":{"0":"post-28121","1":"product","2":"type-product","3":"status-publish","4":"has-post-thumbnail","6":"product_cat-oblicej-a-telo","8":"first","9":"instock","10":"purchasable","11":"product-type-simple"},"_links":{"self":[{"href":"https:\/\/arabicstyle.cz\/index.php?rest_route=\/wp\/v2\/product\/28121","targetHints":{"allow":["GET"]}}],"collection":[{"href":"https:\/\/arabicstyle.cz\/index.php?rest_route=\/wp\/v2\/product"}],"about":[{"href":"https:\/\/arabicstyle.cz\/index.php?rest_route=\/wp\/v2\/types\/product"}],"replies":[{"embeddable":true,"href":"https:\/\/arabicstyle.cz\/index.php?rest_route=%2Fwp%2Fv2%2Fcomments&post=28121"}],"version-history":[{"count":2,"href":"https:\/\/arabicstyle.cz\/index.php?rest_route=\/wp\/v2\/product\/28121\/revisions"}],"predecessor-version":[{"id":30319,"href":"https:\/\/arabicstyle.cz\/index.php?rest_route=\/wp\/v2\/product\/28121\/revisions\/30319"}],"wp:featuredmedia":[{"embeddable":true,"href":"https:\/\/arabicstyle.cz\/index.php?rest_route=\/wp\/v2\/media\/28117"}],"wp:attachment":[{"href":"https:\/\/arabicstyle.cz\/index.php?rest_route=%2Fwp%2Fv2%2Fmedia&parent=28121"}],"wp:term":[{"taxonomy":"product_brand","embeddable":true,"href":"https:\/\/arabicstyle.cz\/index.php?rest_route=%2Fwp%2Fv2%2Fproduct_brand&post=28121"},{"taxonomy":"product_cat","embeddable":true,"href":"https:\/\/arabicstyle.cz\/index.php?rest_route=%2Fwp%2Fv2%2Fproduct_cat&post=28121"},{"taxonomy":"product_tag","embeddable":true,"href":"https:\/\/arabicstyle.cz\/index.php?rest_route=%2Fwp%2Fv2%2Fproduct_tag&post=28121"}],"curies":[{"name":"wp","href":"https:\/\/api.w.org\/{rel}","templated":true}]}}