{"id":18857,"date":"2026-01-29T09:32:39","date_gmt":"2026-01-29T09:32:39","guid":{"rendered":"https:\/\/arabicstyle.sk\/?post_type=product&#038;p=18857"},"modified":"2026-04-10T06:34:22","modified_gmt":"2026-04-10T06:34:22","slug":"vyhodny-set-cerny-kmin-300gkrem250ml-krem-orgakera-tng","status":"publish","type":"product","link":"https:\/\/arabicstyle.cz\/?product=vyhodny-set-cerny-kmin-300gkrem250ml-krem-orgakera-tng","title":{"rendered":"V\u00fdhodn\u00fd set \u010dern\u00fd km\u00edn 300gkr\u00e9m+250ml kr\u00e9m | Orgakera , TNG"},"content":{"rendered":"<p><strong>Slo\u017een\u00ed:<\/strong>Aqua , Paraffinum Liquidum , Cera Alba (Beeswax) , Steareth-2 , Cetearyl Alcohol , Isopropyl Myristate , Steareath-21 , Glyceryl Stearath (and) PEG-100 Stearate , Argania Spinosa (Argan) Oil, Parf\u00e9m, Carbomer, Phenyltrimethicone, Bis (C13-15 Alkoxy) PG Amodimethicone, Panthenol, Lawsonia Inermis (Henna) Leaf Extract Sodium Hydroxide, DMDM \u200b\u200bHydantoin, Potassium Sorbate, BHT, Methylparaben, Propylparaben, Benzyl Salicylate, Butylphenyl Methylpropional<\/p>\n","protected":false},"excerpt":{"rendered":"<p><strong>Benefity:<\/strong><\/p>\n<ul>\n<li>Hydratuje poko\u017eku<\/li>\n<li>Dod\u00e1v\u00e1 j\u00ed pru\u017enost<\/li>\n<li>Dezinfikuje poko\u017eku<\/li>\n<li>Zbavuje mastnoty<\/li>\n<li>Bojuje proti akn\u00e9<\/li>\n<li>100% p\u0159\u00edrodn\u00ed slo\u017een\u00ed<\/li>\n<\/ul>\n","protected":false},"featured_media":18858,"comment_status":"closed","ping_status":"open","template":"","meta":[],"product_brand":[],"product_cat":[73,81,183],"product_tag":[194,188],"class_list":{"0":"post-18857","1":"product","2":"type-product","3":"status-publish","4":"has-post-thumbnail","6":"product_cat-oblicej","7":"product_cat-oblicej-a-telo","8":"product_cat-vyhodne-balicky-cs","9":"product_tag-orgakera","10":"product_tag-tng","12":"first","13":"instock","14":"purchasable","15":"product-type-simple"},"_links":{"self":[{"href":"https:\/\/arabicstyle.cz\/index.php?rest_route=\/wp\/v2\/product\/18857","targetHints":{"allow":["GET"]}}],"collection":[{"href":"https:\/\/arabicstyle.cz\/index.php?rest_route=\/wp\/v2\/product"}],"about":[{"href":"https:\/\/arabicstyle.cz\/index.php?rest_route=\/wp\/v2\/types\/product"}],"replies":[{"embeddable":true,"href":"https:\/\/arabicstyle.cz\/index.php?rest_route=%2Fwp%2Fv2%2Fcomments&post=18857"}],"version-history":[{"count":0,"href":"https:\/\/arabicstyle.cz\/index.php?rest_route=\/wp\/v2\/product\/18857\/revisions"}],"wp:featuredmedia":[{"embeddable":true,"href":"https:\/\/arabicstyle.cz\/index.php?rest_route=\/wp\/v2\/media\/18858"}],"wp:attachment":[{"href":"https:\/\/arabicstyle.cz\/index.php?rest_route=%2Fwp%2Fv2%2Fmedia&parent=18857"}],"wp:term":[{"taxonomy":"product_brand","embeddable":true,"href":"https:\/\/arabicstyle.cz\/index.php?rest_route=%2Fwp%2Fv2%2Fproduct_brand&post=18857"},{"taxonomy":"product_cat","embeddable":true,"href":"https:\/\/arabicstyle.cz\/index.php?rest_route=%2Fwp%2Fv2%2Fproduct_cat&post=18857"},{"taxonomy":"product_tag","embeddable":true,"href":"https:\/\/arabicstyle.cz\/index.php?rest_route=%2Fwp%2Fv2%2Fproduct_tag&post=18857"}],"curies":[{"name":"wp","href":"https:\/\/api.w.org\/{rel}","templated":true}]}}