{"id":12888,"date":"2026-01-29T09:31:51","date_gmt":"2026-01-29T09:31:51","guid":{"rendered":"https:\/\/arabicstyle.sk\/1698304451643\/?post_type=product&#038;p=12888"},"modified":"2026-04-16T08:40:43","modified_gmt":"2026-04-16T08:40:43","slug":"miswak-prirodni-zubni-kartacek-xxl","status":"publish","type":"product","link":"https:\/\/arabicstyle.cz\/?product=miswak-prirodni-zubni-kartacek-xxl","title":{"rendered":"Miswak p\u0159\u00edrodn\u00ed zubn\u00ed kart\u00e1\u010dek"},"content":{"rendered":"<p><strong>Miswak<\/strong> je p\u0159\u00edrodn\u00ed zubn\u00ed kart\u00e1\u010dek, h\u016flka z\u00edskan\u00e1 z ko\u0159ene stromu Salvadora persica.<\/p>\n<p>Na rozd\u00edl od klasick\u00fdch zubn\u00edch kart\u00e1\u010dk\u016f je biologicky odbourateln\u00fd a nezp\u016fsobuje \u017e\u00e1dn\u00e9 \u0161kody na \u017eivotn\u00edm prost\u0159ed\u00ed.<\/p>\n<ul>\n<li>100% p\u0159\u00edrodn\u00ed produkt<\/li>\n<li>praktick\u00fd do kabelky<\/li>\n<li>prosp\u011b\u0161n\u00fd pro zuby<\/li>\n<\/ul>\n<p><strong>JAK CHUT\u00cd?<\/strong><\/p>\n<ul>\n<li>\u010cerstva Salvadora persica m\u00e1 m\u00edrn\u011b ostrou chu\u0165 p\u0159ipom\u00ednaj\u00edc\u00ed k\u0159en \u010di wasabi.\u00a0Nen\u00ed v\u0161ak \u0161tiplav\u00e1, pouze m\u00edrn\u011b aromatick\u00e1.\u00a0\u010c\u00edm je chu\u0165 v\u00fdrazn\u011bj\u0161\u00ed, t\u00edm je Miswak bohat\u0161\u00ed na esenci\u00e1ln\u00ed l\u00e1tky.<\/li>\n<\/ul>\n<p><strong>Tradi\u010dn\u00ed miswak z d\u0159eviny Salvadora persica m\u00e1:<\/strong><\/p>\n<ul>\n<li>antibakteri\u00e1ln\u00ed \u00fa\u010dinky<\/li>\n<li>b\u011blic\u00ed \u00fa\u010dinky<\/li>\n<li>zabra\u0148uje usazov\u00e1n\u00ed plaku a kamene<\/li>\n<li>zlep\u0161uje zdrav\u00ed \u00fastn\u00ed dutiny<\/li>\n<li>osv\u011b\u017euje dech<\/li>\n<\/ul>\n<p>Za zm\u00ednku tak\u00e9 stoj\u00ed, \u017ee arak (Salvadora persica) poch\u00e1z\u00ed z vyprahl\u00fdch pou\u0161tn\u00edch oblast\u00ed a jeho p\u011bstov\u00e1n\u00ed sni\u017euje desertifikaci, tzn. roz\u0161i\u0159ov\u00e1n\u00ed pou\u0161t\u011b tam, kde nejsou schopny r\u016fst \u017e\u00e1dn\u00e9 jin\u00e9 rostliny. To pom\u00e1h\u00e1 m\u00edstn\u00edm komunit\u00e1m dos\u00e1hnout udr\u017eiteln\u00e9ho p\u0159\u00edjmu a z\u00e1rove\u0148 chr\u00e1nit d\u016fle\u017eitou sou\u010d\u00e1st jejich kulturn\u00edho d\u011bdictv\u00ed.<\/p>\n<p>H\u016flky na \u00fastn\u00ed hygienu se mohou sice na prvn\u00ed pohled zd\u00e1t jako kuri\u00f3zn\u00ed n\u00e1pad, neslu\u010diteln\u00fd s dne\u0161n\u00edm modern\u00edm \u017eivotn\u00edm stylem.\u00a0P\u0159ed zrozen\u00edm v\u0161udyp\u0159\u00edtomn\u00e9ho zubn\u00edho kart\u00e1\u010dku z um\u011bl\u00e9 hmoty byl v\u0161ak obvyklou a u\u017eite\u010dnou pom\u016fckou pro \u010di\u0161t\u011bn\u00ed zub\u016f. P\u0159esto\u017ee je st\u00e1le popul\u00e1rn\u00ed v oblastech St\u0159edn\u00edho v\u00fdchodu, obyvatel\u00e9 z\u00e1padn\u00edch zem\u00ed o \u010dem z\u0159\u00eddka v\u011bd\u00ed, spol\u00e9haje na konven\u010dn\u00ed prost\u0159edky zubn\u00ed hygieny doporu\u010dovan\u00e9 reklamami a zuba\u0159sk\u00fdmi asociacemi.<\/p>\n<ul>\n<li>Miswak je pln\u00fd miner\u00e1l\u016f a zdravotn\u011b prosp\u011b\u0161n\u00fdch l\u00e1tek<\/li>\n<li>Obsahuje fluorid, kter\u00fd \u010din\u00ed zuby siln\u011bj\u0161\u00edmi a zdrav\u011bj\u0161\u00edmi, vitamin C, k\u0159em\u00edk, drasl\u00edk, sod\u00edk,<\/li>\n<\/ul>\n<p><strong>Pou\u017eit\u00ed:<\/strong>je-li Miswak po vybalen\u00ed vlhk\u00fd, je p\u0159ipraven k pou\u017eit\u00ed. Pokud ne, jemn\u011b se\u0159\u00edzn\u011bte kone\u010dek asi 1 cm, a\u017e se vytvo\u0159\u00ed \u0161t\u011btinky jako na klasick\u00e9m kart\u00e1\u010dku. Ka\u017ed\u00fdch p\u00e1r dn\u00ed \u0161t\u011btinky zkracujeme.<\/p>\n<p><strong>Slo\u017een\u00ed<\/strong>: ko\u0159en stromu Salvador persica<\/p>\n","protected":false},"excerpt":{"rendered":"<p>zubn\u00ed kart\u00e1\u010dek natural ze stromu Al-Arak, d\u0159\u00edvko<\/p>\n","protected":false},"featured_media":12873,"comment_status":"closed","ping_status":"closed","template":"","meta":[],"product_brand":[],"product_cat":[74],"product_tag":[87,83],"class_list":{"0":"post-12888","1":"product","2":"type-product","3":"status-publish","4":"has-post-thumbnail","6":"product_cat-dentalni-hygiena","7":"product_tag-dabur","8":"product_tag-miswak","10":"first","11":"instock","12":"sale","13":"purchasable","14":"product-type-simple"},"_links":{"self":[{"href":"https:\/\/arabicstyle.cz\/index.php?rest_route=\/wp\/v2\/product\/12888","targetHints":{"allow":["GET"]}}],"collection":[{"href":"https:\/\/arabicstyle.cz\/index.php?rest_route=\/wp\/v2\/product"}],"about":[{"href":"https:\/\/arabicstyle.cz\/index.php?rest_route=\/wp\/v2\/types\/product"}],"replies":[{"embeddable":true,"href":"https:\/\/arabicstyle.cz\/index.php?rest_route=%2Fwp%2Fv2%2Fcomments&post=12888"}],"version-history":[{"count":2,"href":"https:\/\/arabicstyle.cz\/index.php?rest_route=\/wp\/v2\/product\/12888\/revisions"}],"predecessor-version":[{"id":30592,"href":"https:\/\/arabicstyle.cz\/index.php?rest_route=\/wp\/v2\/product\/12888\/revisions\/30592"}],"wp:featuredmedia":[{"embeddable":true,"href":"https:\/\/arabicstyle.cz\/index.php?rest_route=\/wp\/v2\/media\/12873"}],"wp:attachment":[{"href":"https:\/\/arabicstyle.cz\/index.php?rest_route=%2Fwp%2Fv2%2Fmedia&parent=12888"}],"wp:term":[{"taxonomy":"product_brand","embeddable":true,"href":"https:\/\/arabicstyle.cz\/index.php?rest_route=%2Fwp%2Fv2%2Fproduct_brand&post=12888"},{"taxonomy":"product_cat","embeddable":true,"href":"https:\/\/arabicstyle.cz\/index.php?rest_route=%2Fwp%2Fv2%2Fproduct_cat&post=12888"},{"taxonomy":"product_tag","embeddable":true,"href":"https:\/\/arabicstyle.cz\/index.php?rest_route=%2Fwp%2Fv2%2Fproduct_tag&post=12888"}],"curies":[{"name":"wp","href":"https:\/\/api.w.org\/{rel}","templated":true}]}}