{"id":11159,"date":"2026-01-29T09:31:47","date_gmt":"2026-01-29T09:31:47","guid":{"rendered":"https:\/\/arabicstyle.sk\/1698304451643\/?post_type=product&#038;p=11159"},"modified":"2026-05-02T12:00:14","modified_gmt":"2026-05-02T12:00:14","slug":"eva-skin-clinic-denni-gel-s-ha-45-ml","status":"publish","type":"product","link":"https:\/\/arabicstyle.cz\/?product=eva-skin-clinic-denni-gel-s-ha-45-ml","title":{"rendered":"EVA SKIN CLINIC denn\u00ed gel s HA \u200b\u200b45 ML"},"content":{"rendered":"<p><strong><span class=\"font-media main-text text-uppercase font-bold pt-18\">POPIS<\/span><\/strong><\/p>\n<p>Kyselina hyaluronov\u00e1 je popul\u00e1rn\u00edm slo\u017een\u00edm v kosmetick\u00fdch v\u00fdrobc\u00edch, kter\u00e9 pom\u00e1haj\u00ed dos\u00e1hnout vypln\u011bn\u00e9, vyhlazen\u00e9 a hydratovan\u00e9 pleti. Je to siln\u00fd hydrata\u010dn\u00ed prost\u0159edek, kter\u00fd m\u016f\u017ee pomoci poko\u017ece zadr\u017eet vlhkost a zlep\u0161it jej\u00ed texturu. Zde je n\u011bkolik informac\u00ed o tom, jak m\u016f\u017ee kyselina hyaluronov\u00e1 gel na obli\u010dej p\u0159isp\u011bt k \u017e\u00e1douc\u00edm \u00fa\u010dink\u016fm:<\/p>\n<ol>\n<li>Hydratace: Kyselina hyaluronov\u00e1 je zn\u00e1m\u00e1 t\u00edm, \u017ee dok\u00e1\u017ee zadr\u017eovat velk\u00e9 mno\u017estv\u00ed vody. Aplikace hyaluronov\u00e9ho gelu na obli\u010dej m\u016f\u017ee pomoci hydratovat poko\u017eku, zvlh\u010dit ji a zlep\u0161it jej\u00ed texturu. To je obzvl\u00e1\u0161t\u011b d\u016fle\u017eit\u00e9 pro suchou a dehydratovanou poko\u017eku.<\/li>\n<li>Vypln\u011bn\u00ed vr\u00e1sek: Kyselina hyaluronov\u00e1 m\u016f\u017ee do\u010dasn\u011b vyplnit jemn\u00e9 linky a vr\u00e1sky, co\u017e d\u00e1v\u00e1 pleti hlad\u0161\u00ed a mlad\u0161\u00ed vzhled. Tento \u00fa\u010dinek je do\u010dasn\u00fd a vy\u017eaduje pravideln\u00e9 pou\u017e\u00edv\u00e1n\u00ed produktu s kyselinou hyaluronovou.<\/li>\n<li>Vyhlazen\u00ed textury: Hyaluronov\u00fd gel m\u016f\u017ee pomoci vyhladit texturu pleti a zjemnit jej\u00ed povrch. To je u\u017eite\u010dn\u00e9 p\u0159i zlep\u0161ov\u00e1n\u00ed vzhledu poko\u017eky s hrub\u0161\u00edmi p\u00f3ry nebo nerovnom\u011brn\u00fdm odst\u00ednem.<\/li>\n<\/ol>\n<p><strong>Pou\u017eit\u00ed:<\/strong><\/p>\n<p>Naneste na vy\u010di\u0161t\u011bn\u00fd obli\u010dej a nechte \u00fapln\u011b vst\u0159ebat.<\/p>\n","protected":false},"excerpt":{"rendered":"<p>gel proti st\u00e1rnut\u00ed poko\u017eky s kyselinou hyaluronovou<\/p>\n","protected":false},"featured_media":19095,"comment_status":"closed","ping_status":"closed","template":"","meta":[],"product_brand":[],"product_cat":[73,81],"product_tag":[165],"class_list":{"0":"post-11159","1":"product","2":"type-product","3":"status-publish","4":"has-post-thumbnail","6":"product_cat-oblicej","7":"product_cat-oblicej-a-telo","8":"product_tag-eva-cosmetics","10":"first","11":"instock","12":"purchasable","13":"product-type-simple"},"_links":{"self":[{"href":"https:\/\/arabicstyle.cz\/index.php?rest_route=\/wp\/v2\/product\/11159","targetHints":{"allow":["GET"]}}],"collection":[{"href":"https:\/\/arabicstyle.cz\/index.php?rest_route=\/wp\/v2\/product"}],"about":[{"href":"https:\/\/arabicstyle.cz\/index.php?rest_route=\/wp\/v2\/types\/product"}],"replies":[{"embeddable":true,"href":"https:\/\/arabicstyle.cz\/index.php?rest_route=%2Fwp%2Fv2%2Fcomments&post=11159"}],"version-history":[{"count":1,"href":"https:\/\/arabicstyle.cz\/index.php?rest_route=\/wp\/v2\/product\/11159\/revisions"}],"predecessor-version":[{"id":30831,"href":"https:\/\/arabicstyle.cz\/index.php?rest_route=\/wp\/v2\/product\/11159\/revisions\/30831"}],"wp:featuredmedia":[{"embeddable":true,"href":"https:\/\/arabicstyle.cz\/index.php?rest_route=\/wp\/v2\/media\/19095"}],"wp:attachment":[{"href":"https:\/\/arabicstyle.cz\/index.php?rest_route=%2Fwp%2Fv2%2Fmedia&parent=11159"}],"wp:term":[{"taxonomy":"product_brand","embeddable":true,"href":"https:\/\/arabicstyle.cz\/index.php?rest_route=%2Fwp%2Fv2%2Fproduct_brand&post=11159"},{"taxonomy":"product_cat","embeddable":true,"href":"https:\/\/arabicstyle.cz\/index.php?rest_route=%2Fwp%2Fv2%2Fproduct_cat&post=11159"},{"taxonomy":"product_tag","embeddable":true,"href":"https:\/\/arabicstyle.cz\/index.php?rest_route=%2Fwp%2Fv2%2Fproduct_tag&post=11159"}],"curies":[{"name":"wp","href":"https:\/\/api.w.org\/{rel}","templated":true}]}}